(u) = 2*n(u) + 11*z(u). Let a(w) = b(w) - t(w). Give a(-4).
-5
Let g(k) be the third derivative of 0 + k**2 + 1/3*k**3 + 0*k - 1/6*k**4. Let r(b) = -b**3 + 21*b**2 + 2. Let q be r(21). Give g(q).
-6
Let m(k) be the third derivative of k**4/12 - 7*k**3/6 - 289*k**2. Give m(4).
1
Let c(l) = -l**3 - 5*l**2 - 2*l + 4. Let q be c(-3). Let j(z) = -8*z**2 + 2*z**2 - 159 - z**3 + 322 - z**2 - 159 + 7*z. What is j(q)?
12
Let m be 11 + (14 - 7) + -8. Let w(f) = f**2 - 6*f - 1. Give w(m).
39
Suppose 5*s - 4 = 3*u, -15 = 4*u + 3*s - 0*s. Let a(l) = -5*l + 1. Calculate a(u).
16
Let i(b) = b - 3. Let y(m) = 2*m**2 + 2*m. Suppose -2*s + 2 = -3*s. Let p be y(s). Calculate i(p).
1
Let p be (-4)/(-6)*(12/(-6) + 8). Let g(h) be the third derivative of -2*h**2 + 0*h + 1/6*h**p + 0 + 1/6*h**3. What is g(3)?
13
Let f(k) = k**3 + 6*k**2 - k**3 - 17 - 2*k + 8 + 4 + k**3. Determine f(-5).
30
Let b(g) = -3*g**3 - 8*g**2 - 5*g + 4. Let u(i) = -2*i**3 - 8*i**2 - 6*i + 4. Let m(c) = 3*b(c) - 4*u(c). Give m(9).
-4
Suppose 66*a = 9 - 141. Let t(q) = -17*q. Calculate t(a).
34
Let p be (-7861)/(-35) + 3/(-5). Let n(w) = 237*w**2 - 475*w**2 - 2*w + p*w**2 + 1. Determine n(1).
-15
Let a(b) = 3*b - 50 - 48 + 109 - 2*b. Determine a(-3).
8
Let s(n) = 2*n**2 + 3*n - 2. Let q = 6 - 56. Let p = -54 - q. Calculate s(p).
18
Let y(h) = 4*h**2 - 108*h**3 - 1 + 0 - 111*h**3 + 220*h**3 + 3. Calculate y(-4).
2
Let h = 6554 + -6558. Let k(w) = 0*w - 4*w**2 - 3*w**3 - 4 - 2*w + 2*w**3. Give k(h).
4
Let o(t) = 3*t + 5. Let g be (-1)/(-4) - 682/(-88). Suppose -2*v - g = -3*y + 3*v, -2*v = -2*y. What is o(y)?
-7
Let r(v) = v - 3. Let h be r(6). Let o(b) = -4*b + 3*b + 4*b - 1 + h*b. Suppose 0 = -t - 1 + 2. Calculate o(t).
5
Let i(m) = m**2 - m - 1. Suppose -4*n = -3*l - l, -4*n + 2 = -3*l. Let c(b) = b**2 + 8 + 5*b - 8*b**2 - n. Let z(o) = c(o) + 5*i(o). Give z(2).
-7
Suppose 3*o - 7*o = 32. Let x = o - -8. Suppose -3*m + 4*l - l = -9, x = -l - 5. Let t(y) = -y**3 - 3*y**2 - 2*y - 3. Give t(m).
-3
Let a(g) = 3*g**3 - 5*g**2 + g + 5. Let d(v) = v**3 - v**2 + 1. Suppose 5*l + 3*m + 20 = -2*m, 6 = l - m. Let j(s) = l*a(s) - 4*d(s). What is j(0)?
1
Let x(v) = -10*v - 3. Let l = 652 + -653. Determine x(l).
7
Let c(o) = -o**3 - 10*o**2 - 22*o - 7. Let m be c(-7). Let a(v) = v**3 + 7. Calculate a(m).
7
Let z be (-2)/(-3) - 1 - 19/(-57). Let q(y) = -y**2 - 2*y - 4. Determine q(z).
-4
Let a(m) = 3*m + 3. Let h = 25 + -23. Suppose -h*u - 2*q - 10 = 0, -4*u - q - 2*q = 19. Determine a(u).
-9
Let g(b) = -3*b + 9. Let z = -31 - -35. Suppose -z*l = 33 - 57. Calculate g(l).
-9
Let h(t) be the second derivative of t**6/360 - t**5/30 + 19*t**4/12 - 4*t. Let q(k) be the third derivative of h(k). Determine q(6).
8
Let v(h) = -2*h**3 + 7*h**2 + 22*h - 7. Let p(c) = c**3 + 2*c**2 + 2. Let j(d) = -p(d) - v(d). What is j(11)?
5
Let c(x) = 5*x - 7*x**2 + x + 4*x**3 + 6 + 3*x**3 + x**3 - 7*x**3. Calculate c(6).
6
Let c(j) be the second derivative of j**4/12 + 5*j**3/6 + 6*j**2 + j + 363. Calculate c(-9).
48
Suppose 49*g + 27 = 27. Let k(l) = l**2 - l + 4. Calculate k(g).
4
Let o(m) = m**2 - 3*m + 4. Let p(j) = -j + 1. Let g(f) = o(f) - 4*p(f). Let y(x) = 5*x**2 + 11*x + 5. Let a(q) = 6*g(q) - y(q). Calculate a(5).
-5
Suppose -15 = -6*q + 3*q. Let m(f) = f**2 - 9*f - 11. Let s(c) = c**2 + 4 - 2*c**2 + 1 + 8*c + 5. Let a(z) = 3*m(z) + 4*s(z). Calculate a(q).
7
Suppose c + 4 = 2*c, -2*c = 4*q - 28. Suppose -2*w + 10*m = q*m, -2*w = 5*m. Let k(g) = -g + 0*g + 0*g + w - 1. Give k(1).
-2
Let z = 86 - 76. Let r(u) = -2*u + 5. Determine r(z).
-15
Let i(g) be the third derivative of -g**5/60 + g**4/3 - g**3/6 - 2*g**2. Suppose 16 = -4*d, -4*n + 478*d - 476*d + 40 = 0. What is i(n)?
-1
Let w(c) be the second derivative of -5*c**3/6 - 5*c**2/2 + c - 93. Calculate w(0).
-5
Let x(r) be the third derivative of 3/2*r**3 - 1/24*r**4 + 0*r - 6*r**2 + 0 - 1/60*r**5 + 1/120*r**6. Suppose -5*o = -4*o. Calculate x(o).
9
Suppose 5 = -5*h - 20. Let q(p) be the second derivative of -1/2*p**4 - 1/20*p**5 - 1/2*p**3 - 13*p + 0 + 3*p**2. Calculate q(h).
-4
Suppose 2*f = -18*p + 21*p + 3, 4*p = 2*f - 4. Let h(i) = -19*i**2 + 1. Determine h(p).
-18
Let s(w) = 2 + 2476*w**2 - 1236*w**2 + 9*w - 1241*w**2. Let y(a) = 10*a**2 - 2*a. Let o be y(1). Calculate s(o).
10
Let h(s) = -8*s - 1. Let n(j) = -5*j - 82. Let f be n(-17). Give h(f).
-25
Suppose -31 = -3*s - i, -s + 0*i - 2*i + 7 = 0. Let p(r) = -2*r + 7. Let c(m) = -6*m + 21. Let g(z) = s*p(z) - 4*c(z). What is g(5)?
3
Suppose -11 = -3*c + 5*w - 8, 2*c - 15 = -w. Let f(r) = r - 6*r**2 - 2*r + r**3 + 4 - 2*r. Give f(c).
-14
Let u(o) be the second derivative of -o**4/12 + 4*o**3/3 + o**2 + 58*o. What is u(7)?
9
Let i(v) = -v. Let w(h) = -13*h - 3. Let l(n) = 12*n + 2. Let o(q) = 4*l(q) + 3*w(q). Let c(r) = 4*i(r) + o(r). Let y be (-4)/(-3)*(162/12)/9. Calculate c(y).
9
Suppose 2*l = 3*l - 2. Suppose -l*w = 4*r + 4, -2*w = -3*r - 1 + 33. Let b be ((-24)/20)/((-3)/w). Let g(y) = y**2 + 3*y. Determine g(b).
4
Let t(h) = -4*h + 2. Suppose 0 = k - 6*k - 15, -2*l + 2*k = -14. Determine t(l).
-14
Let d(p) = 17*p**3 - 1 - 18*p**3 + 185*p**2 + 7*p - 186*p**2. What is d(-3)?
-4
Let s(f) = 6*f - 5*f + 6 - 12. Determine s(-8).
-14
Let a(i) = 3 - i**3 - 7 + i + i + 0 + 7*i**2. Suppose -7 = -0*x - x. What is a(x)?
10
Let x(t) = -30*t - 174. Let k be x(-6). Let m(c) = -c + 11. What is m(k)?
5
Suppose 3 = -4*d + 2*a + 17, -4*d = 4*a + 16. Let c(g) be the second derivative of -1/6*g**4 - g + 17/20*g**5 + 1/2*g**2 + 0 + 0*g**3. What is c(d)?
16
Let n(c) = -c**3 + c**2 + c + 2. Let y be n(2). Let o(t) be the third derivative of t**6/120 + t**4/24 + t**3/2 + 78*t**2. Calculate o(y).
3
Let g(k) = -6*k + 5*k**2 + 5*k**3 - 11*k**3 + 7*k**3. Let n(z) = -z - 16. Let x be n(-16). Suppose 4*o + b = -27, -5*o + x*b = -3*b + 21. Determine g(o).
0
Let d(j) be the first derivative of -17*j**4/4 - j**3/3 - 297. Calculate d(-1).
16
Let r(m) = m**3 + m**2 + 1. Let h = -11 - -13. Let z(c) = -h*c - 6*c - 5*c**2 + 0*c + 4. Let t(a) = -r(a) - z(a). What is t(5)?
10
Suppose 64*o - 76*o + 60 = 0. Let x(p) be the third derivative of -p**6/120 + p**5/15 + p**4/4 + p**3/3 - 2*p**2. Give x(o).
7
Let z(r) = r + 8. Suppose 14*t - 40 = 24*t. Determine z(t).
4
Let o(f) = 2*f**3 + 5*f**2 - 2*f - 4. Let x be o(-2). Let r(p) = 2*p**2 - 6*p + 4. What is r(x)?
12
Let l(h) = -h - 5. Suppose -2*n + 3*n = 0. Suppose 0*m - m + 5 = n. Let k = m - 10. Determine l(k).
0
Let b = 1269 + -1272. Let p(y) = 8*y + 19. Determine p(b).
-5
Suppose -5*c = 3*d + 167, 8 = -3*d + d. Let u = -32 - c. Let w(z) = 4*z + 1. Calculate w(u).
-3
Suppose -4*c + 12*i = 10*i - 40, 10 = -5*i. Let b(t) = t**3 - 10*t**2 + 8*t + 4. Give b(c).
-5
Let h = -358 - -250. Let s = 171 + h. Let f(i) = -2 + 0 - 56*i**2 + i**3 + s*i**2. What is f(-7)?
-2
Let m(q) = -123*q + 5 - 4 + 120*q + 6. Let t(j) = j**3 - 9*j**2 + 10*j - 11. Let d be t(8). What is m(d)?
-8
Let h(d) = -d**3 - 8*d**2 - 6*d + 6. Let f be (26/4)/((-3)/(-6)). Suppose 5*u = -15, -4*u = l + f - 0. Let c be (-1 + 8)*l*1. Calculate h(c).
-1
Let o(h) be the second derivative of h**4/12 - h**2/2 + 218*h - 2. Let b = 2 + -1. Determine o(b).
0
Let i(v) be the second derivative of -1/20*v**5 + 0*v**4 + 1/6*v**3 + 31*v + v**2 + 0. Calculate i(2).
-4
Let p(r) = 17*r**3 - 12*r + 18*r**3 - 29*r**3 - 13*r + 23*r. Determine p(-2).
-44
Let o = 9 - 9. Suppose 6*j - j - 15 = o. Let c(x) = 2*x**3 - 3*x**2 - 4*x - 1. Give c(j).
14
Let v(y) = -7*y**2 - 244*y - 237*y + 724*y + 19 - y**3 - 246*y + 2. Calculate v(-5).
-14
Let t(k) = -3*k - 3. Let q(i) = -i**3 + 32*i**2 - 35*i + 126. Let f be q(31). Calculate t(f).
-9
Let b(l) = -11*l + 11669*l**2 + 11669*l**2 + 12 - 23337*l**2. Suppose 3*r - 32 = -4*a, -a - 2*r = 2*r - 8. Determine b(a).
-12
Let c(o) = -1 - 10*o + 0*o + 9*o. Determine c(2).
-3
Let c(q) = 7*q**2 + 6*q + 3. Let d(z) = 8*z**2 + 6*z + 2. Let b(l) = -7*c(l) + 6*d(l). Suppose 4*o + 39 = -3*v, 5*o + 5*v = 2*v - 45. Give b(o).
-9
Let l(b) be the second derivative of -b**5/20 + 7*b**4/12 - b**3 + b**2 + 14*b. Let x be l(6). Let r(y) = -y**3 + y**2 - 1. What is r(x)?
-5
Let z(f) = -f**2 + 10*f - 15. Let v be z(9). Let g(l) = l**2 + 5*l - 2. What is g(v)?
4
Let c be (-1)/2*(-34 + 3 + -3). Let f(q) = -2*q**2 + 3*q - c*q**3 - 14*q**3 + 3 + 29*q*